{"version":"1.0","provider_name":"VSVK","provider_url":"https:\/\/vsvk.sk\/en","title":"Prv\u00e9 valn\u00e9 zhroma\u017edenie V\u00fdchodoslovensk\u00e9ho vesm\u00edrneho klastra - VSVK","type":"rich","width":600,"height":338,"html":"<blockquote class=\"wp-embedded-content\" data-secret=\"enLPdqafZC\"><a href=\"https:\/\/vsvk.sk\/en\/2025\/02\/05\/prve-valne-zhromazdenie-vychodoslovenskeho-vesmirneho-klastra\/\">First general assembly of the Eastern Slovak Space Cluster<\/a><\/blockquote><iframe sandbox=\"allow-scripts\" security=\"restricted\" src=\"https:\/\/vsvk.sk\/en\/2025\/02\/05\/prve-valne-zhromazdenie-vychodoslovenskeho-vesmirneho-klastra\/embed\/#?secret=enLPdqafZC\" width=\"600\" height=\"338\" title=\"&#8220;Prv\u00e9 valn\u00e9 zhroma\u017edenie V\u00fdchodoslovensk\u00e9ho vesm\u00edrneho klastra&#8221; &#8212; VSVK\" data-secret=\"enLPdqafZC\" frameborder=\"0\" marginwidth=\"0\" marginheight=\"0\" scrolling=\"no\" class=\"wp-embedded-content\"><\/iframe><script>\n\/*! This file is auto-generated *\/\n!function(d,l){\"use strict\";l.querySelector&&d.addEventListener&&\"undefined\"!=typeof URL&&(d.wp=d.wp||{},d.wp.receiveEmbedMessage||(d.wp.receiveEmbedMessage=function(e){var t=e.data;if((t||t.secret||t.message||t.value)&&!\/[^a-zA-Z0-9]\/.test(t.secret)){for(var s,r,n,a=l.querySelectorAll('iframe[data-secret=\"'+t.secret+'\"]'),o=l.querySelectorAll('blockquote[data-secret=\"'+t.secret+'\"]'),c=new RegExp(\"^https?:$\",\"i\"),i=0;i<o.length;i++)o[i].style.display=\"none\";for(i=0;i<a.length;i++)s=a[i],e.source===s.contentWindow&&(s.removeAttribute(\"style\"),\"height\"===t.message?(1e3<(r=parseInt(t.value,10))?r=1e3:~~r<200&&(r=200),s.height=r):\"link\"===t.message&&(r=new URL(s.getAttribute(\"src\")),n=new URL(t.value),c.test(n.protocol))&&n.host===r.host&&l.activeElement===s&&(d.top.location.href=t.value))}},d.addEventListener(\"message\",d.wp.receiveEmbedMessage,!1),l.addEventListener(\"DOMContentLoaded\",function(){for(var e,t,s=l.querySelectorAll(\"iframe.wp-embedded-content\"),r=0;r<s.length;r++)(t=(e=s[r]).getAttribute(\"data-secret\"))||(t=Math.random().toString(36).substring(2,12),e.src+=\"#?secret=\"+t,e.setAttribute(\"data-secret\",t)),e.contentWindow.postMessage({message:\"ready\",secret:t},\"*\")},!1)))}(window,document);\n\/\/# sourceURL=https:\/\/vsvk.sk\/wp-includes\/js\/wp-embed.min.js\n<\/script>","thumbnail_url":"https:\/\/vsvk.sk\/wp-content\/uploads\/2025\/06\/aktual-klaster-022025-1536x1152-1.jpg","thumbnail_width":1536,"thumbnail_height":1152,"description":"Vo \u0161tvrtok 30. janu\u00e1ra 2025 sa konalo prv\u00e9 valn\u00e9 zhroma\u017edenie V\u00fdchodoslovensk\u00e9ho vesm\u00edrneho klastra, ktor\u00fd vznikol za\u010diatkom tohto roka a\u00a0jeho zakladaj\u00facimi \u010dlenmi s\u00fa okrem UPJ\u0160 v\u00a0Ko\u0161iciach Technick\u00e1 univerzita v\u00a0Ko\u0161iciach, \u00dastav experiment\u00e1lnej fyziky Slovenskej akad\u00e9mie vied, Deutsche Telekom IT Solutions a\u00a0Slovensk\u00e1 vesm\u00edrna kancel\u00e1ria (Agent\u00fara SARIO).\u00a0 Klaster predstavuje d\u00f4le\u017eit\u00fd krok v budovan\u00ed dynamick\u00e9ho inova\u010dn\u00e9ho ekosyst\u00e9mu v oblasti vesm\u00edrnych [&hellip;]"}

Prvé valné zhromaždenie Východoslovenského vesmírneho klastra - VSVK

<blockquote class="wp-embedded-content" data-secret="enLPdqafZC"><a href="https://vsvk.sk/en/2025/02/05/prve-valne-zhromazdenie-vychodoslovenskeho-vesmirneho-klastra/">First general assembly of the Eastern Slovak Space Cluster</a></blockquote><iframe sandbox="allow-scripts" security="restricted" src="https://vsvk.sk/en/2025/02/05/prve-valne-zhromazdenie-vychodoslovenskeho-vesmirneho-klastra/embed/#?secret=enLPdqafZC" width="600" height="338" title="&#8220;Prvé valné zhromaždenie Východoslovenského vesmírneho klastra&#8221; &#8212; VSVK" data-secret="enLPdqafZC" frameborder="0" marginwidth="0" marginheight="0" scrolling="no" class="wp-embedded-content"></iframe><script>
/*! This file is auto-generated */
!function(d,l){"use strict";l.querySelector&&d.addEventListener&&"undefined"!=typeof URL&&(d.wp=d.wp||{},d.wp.receiveEmbedMessage||(d.wp.receiveEmbedMessage=function(e){var t=e.data;if((t||t.secret||t.message||t.value)&&!/[^a-zA-Z0-9]/.test(t.secret)){for(var s,r,n,a=l.querySelectorAll('iframe[data-secret="'+t.secret+'"]'),o=l.querySelectorAll('blockquote[data-secret="'+t.secret+'"]'),c=new RegExp("^https?:$","i"),i=0;i<o.length;i++)o[i].style.display="none";for(i=0;i<a.length;i++)s=a[i],e.source===s.contentWindow&&(s.removeAttribute("style"),"height"===t.message?(1e3<(r=parseInt(t.value,10))?r=1e3:~~r<200&&(r=200),s.height=r):"link"===t.message&&(r=new URL(s.getAttribute("src")),n=new URL(t.value),c.test(n.protocol))&&n.host===r.host&&l.activeElement===s&&(d.top.location.href=t.value))}},d.addEventListener("message",d.wp.receiveEmbedMessage,!1),l.addEventListener("DOMContentLoaded",function(){for(var e,t,s=l.querySelectorAll("iframe.wp-embedded-content"),r=0;r<s.length;r++)(t=(e=s[r]).getAttribute("data-secret"))||(t=Math.random().toString(36).substring(2,12),e.src+="#?secret="+t,e.setAttribute("data-secret",t)),e.contentWindow.postMessage({message:"ready",secret:t},"*")},!1)))}(window,document);
//# sourceURL=https://vsvk.sk/wp-includes/js/wp-embed.min.js
</script>

Vo štvrtok 30. januára 2025 sa konalo prvé valné zhromaždenie Východoslovenského vesmírneho klastra, ktorý vznikol začiatkom tohto roka a jeho zakladajúcimi členmi sú okrem UPJŠ v Košiciach Technická univerzita v Košiciach, Ústav experimentálnej fyziky Slovenskej akadémie vied, Deutsche Telekom IT Solutions a Slovenská vesmírna kancelária (Agentúra SARIO).  Klaster predstavuje dôležitý krok v budovaní dynamického inovačného ekosystému v oblasti vesmírnych [&hellip;]
